10. Let x(q) = 4*q + 9. Let a(y) = l*b(y) - 17*x(y). What is the units digit of a(-5)?
3
Let m be 240/(-35) - -7 - (-180)/14. Suppose 7*p - m*p = -918. What is the hundreds digit of p?
1
Suppose 24*a - 1210 = 14*a. What is the units digit of a?
1
Let j(b) = 7*b**2 - 18*b - 34. What is the tens digit of j(16)?
7
Let x(m) = 3*m - 4. Let w be x(3). Let q(p) = -w*p + 3 - p**3 - 4*p + 12 + 12*p**2 - 5. What is the tens digit of q(11)?
3
Let n be 119/(-5) - (-1)/(-5). Let v = -22 - n. Suppose -f - 80 = -v*h - 0*f, -h - 5*f = -51. What is the units digit of h?
1
Let b = 174 - -506. What is the units digit of b?
0
Let x = -1 + 14. Suppose 0 = -3*b + x - 1. Suppose m = -2*m + b*p + 135, 0 = -m - p + 52. What is the units digit of m?
9
Suppose -3*q + 6 = 4*j, -4 + 11 = -j - 5*q. What is the tens digit of 20*((39/12 - j) + 4)?
8
What is the units digit of (-1547)/273*99/(-1)?
1
Suppose -2*y - 5*u = -219, -385 = -4*y - u + 62. What is the hundreds digit of y?
1
Suppose -3*i + 6 = -3*r, 5*r = 4*i - 12 + 3. Let m(w) = -6*w + 2. Let p be m(i). What is the tens digit of 47 - -5 - (0 - p)?
4
Suppose -a = -2, 3*j - 5*a = -j - 6. Let i be (j - 1) + (-2)/2. What is the tens digit of (-1 - -2)*(38 + i)?
3
Let t = -10 + 12. Suppose t = 2*d - 3*d. What is the units digit of 15/(-6)*d/1?
5
Let z = -246 - -306. What is the units digit of z?
0
Let p = 263 + -250. Suppose 3*l - 4*l + 4 = 0. Suppose p = l*z + 1. What is the units digit of z?
3
Let p(u) = -738*u - 77. What is the units digit of p(-1)?
1
Suppose 4*o = -t + 827, 1215 = 5*t + 4*o - 2888. What is the tens digit of t?
1
Let l = -1579 + 2835. What is the thousands digit of l?
1
Suppose -2*g + 23 = -t + 3*g, 3*t = -g + 11. Suppose 0 = t*w + 5*y - 3*y - 190, 0 = -w + 5*y + 89. What is the units digit of w?
4
Suppose -3*j + u = -1388, 0 = j - 4*u + 3*u - 464. What is the hundreds digit of j?
4
What is the units digit of 3*(-70)/28*(-142)/3?
5
Let l = 1969 + 340. What is the units digit of l?
9
Suppose -2*z = 3*o - 10, 0 = 4*z + 2*o - o. What is the units digit of (46/(-2))/z + -4?
9
Suppose 2*n + 8 = -76. Let g = 30 + n. Let a = 21 - g. What is the tens digit of a?
3
Suppose 47*x - 718 = 45*x. Suppose x = 5*i + 144. What is the units digit of i?
3
Let h = -24 - -32. What is the units digit of (0 - -5)/(h/296)?
5
What is the hundreds digit of (20/(-40))/(4/70440*-3)?
9
Suppose 5*w = 9*w - 8. Let z(x) = 8*x + 2*x**w + 5 - 3*x - 2 + x. What is the units digit of z(-4)?
1
Suppose 0 = 6*r - 3*r + 3. Let a(l) = -2*l**3 + l**2 + l + 1. Let b be a(r). Let g = 7 + b. What is the units digit of g?
0
Let a(p) be the third derivative of -p**5/60 + 11*p**4/24 + 5*p**3/3 + 35*p**2. Suppose w = 4*z - 42, 0 = 5*z + w - 63 + 15. What is the tens digit of a(z)?
2
Suppose -8 = 5*x + 2, -5*x + 1622 = 3*p. What is the units digit of p?
4
Let b be 144/10*(21 + -31). Let q be (-3)/(12/(-8)) - b. Suppose f = 4, -3*f = 2*k + f - q. What is the tens digit of k?
6
Suppose 2290 = 2*q + 4*a, 8*a - 10*a + 5685 = 5*q. What is the units digit of q?
5
Suppose 4*v + 0*z - 38 = z, 5*v - z - 48 = 0. Suppose 4*n - 66 = v. Suppose 0 = -x - l + 18, -x - l + n = l. What is the tens digit of x?
1
Let x(y) = -710*y**3 + 2*y**2 + 6. What is the tens digit of x(-2)?
9
Let m(p) = -p**3 - 28*p**2 - 29*p - 7. What is the units digit of m(-27)?
7
Let z(b) = -b**2 - 14*b + 37. Let j be z(20). What is the units digit of 6 + 22/(-3) - j/3?
3
Suppose t + f = -4 + 53, f - 193 = -4*t. What is the units digit of (2/2 - t)/(-1)?
7
Suppose -h + h = -6*h. Suppose h = -t - 2*n + 251, -3*t = -8*t + 4*n + 1227. What is the tens digit of t?
4
Suppose 262*w - 20951 = 221*w. What is the tens digit of w?
1
Let k be ((-6)/1)/(1/((-64)/24)). Suppose -4*u + 1181 - 225 = 5*y, 0 = -4*y + k. What is the units digit of u?
4
Suppose 4*r - 68 + 0 = 0. Suppose -r*u + 1285 + 2472 = 0. What is the hundreds digit of u?
2
Let c(b) = -4 - 6*b + 14 + 6*b**2 - b**2 - 2*b**2. What is the tens digit of c(8)?
5
Suppose -5*u + 929 - 179 = 0. Suppose 5*g - u = -0*g. What is the tens digit of g?
3
Let c(p) = -2*p**2 - 10*p - 8. Let o be c(-5). Let y(n) = -13*n - 25. What is the units digit of y(o)?
9
Suppose 0 = 2*z + 3*u + 11, z - 5*u - 3 = 24. Suppose -64 = z*n - 728. What is the tens digit of n?
3
Let m be (24/9)/(-4) + (-160)/(-15). Suppose -m*w + 17*w = 1575. What is the hundreds digit of w?
2
Let u = 363 + -147. What is the units digit of u?
6
Let p = 76 - 71. Suppose p*l = -0*l + 645. What is the hundreds digit of l?
1
Suppose 29*w - 27*w = 1334. Suppose -7 + w = 5*s. What is the hundreds digit of s?
1
Suppose -3*b - 13 + 4 = 3*w, 0 = 2*w + 10. Suppose -4*c - 21 = -5*l, -b = -c - 4*l + 19. What is the units digit of c?
1
Let l be (6/(-9))/((-4)/6). What is the hundreds digit of -375*l*(4 + -2)/(-6)?
1
Suppose -h = 5*t + 72, 2*t - 5*t - 316 = 5*h. Let d = -33 - h. What is the units digit of d?
9
Let w = 218 - -452. What is the hundreds digit of w?
6
Let j(v) = v + 1. Let g be j(-2). Let r(n) = 2*n**3 - 2*n. Let t(a) = -50*a**3 - a**2 - 10*a + 1. Let y(x) = -5*r(x) + t(x). What is the tens digit of y(g)?
6
Let t(i) = 481*i**2 - i - 4. What is the hundreds digit of t(-1)?
4
Suppose -113 + 25 = -8*t. Suppose -3*r - 220 = -y, t*y - 5*r - 668 = 8*y. What is the tens digit of y?
2
Suppose -3*l + u + 797 = 0, 3*u + 279 = 5*l - 4*l. Suppose l = 8*f - 496. What is the tens digit of f?
9
Suppose 3*w - 37 - 353 = -5*n, 0 = 5*n - w - 410. Let i = n + -33. Let a = i + -27. What is the tens digit of a?
2
Let n(v) = -288*v + 1. Let m be n(-3). Suppose 6*j = m - 145. What is the hundreds digit of j?
1
Let k = 122 + 197. What is the tens digit of k?
1
Let z = 29 + 30. Let w = 184 - z. What is the tens digit of w?
2
What is the tens digit of (179 + -9)/(2/4)?
4
Suppose 9*k = 12*k - 2895. What is the units digit of k?
5
Suppose 4*m + 3 = m, -5*r = 5*m - 3955. What is the hundreds digit of r?
7
Let v = 6 + -2. Suppose 0 = v*h + 20, -2*d + 7*d - 2*h - 5 = 0. What is the units digit of d*1*(-18)/6?
3
Let a = -88 - -160. Suppose -40 = -2*i - 2*z, -6*i = -i - 4*z - 118. Suppose 18*n = i*n - a. What is the units digit of n?
8
Suppose 2*m - 194 - 20 = 0. Suppose -244 = -2*x - 2*n, x - m - 17 = n. What is the tens digit of x?
2
Let f be 870/20*(-26)/(-3). Suppose -3*l = -2*b - f, -l - 8*b + 131 = -6*b. What is the units digit of l?
7
Suppose 2*f - 5 = 1. Suppose 0 = -f*v - 2*v + 30. Suppose 2*j + 64 = v*j. What is the tens digit of j?
1
Suppose 4*a + 5*t - 3070 = 711, -3*t + 1889 = 2*a. What is the units digit of a?
9
Let b(r) = 308*r + 87. What is the units digit of b(2)?
3
Let b(i) = 9*i**2 - 3*i**3 - 11*i + i**3 + 3*i**3 + 0*i**3 + 12. Let t be b(-9). Suppose -2*q = -5*q + t. What is the tens digit of q?
3
Let r(x) = -x**3 - 15*x**2 + 17*x + 21. Let q be r(-16). Suppose -y + q = 4*y. What is the tens digit of -3 + (0 + y - -24)?
2
What is the tens digit of 8/(80/39 - 2)?
5
Let d(p) = -5*p**3 + 2*p**2 + 2*p - 1. Let z(a) = a**3 - a. Let f(r) = d(r) + z(r). Let i(m) = -m**2 + 5*m - 1. Let l be i(5). What is the units digit of f(l)?
4
Suppose -4*r - 794 = -5*g, -r = 2*g + 3*r - 340. Let i = 21 + g. What is the units digit of i?
3
Let u = 1 - 0. Let n(j) = j + 1. Let h(s) = 7*s - 3. Let c(g) = h(g) + 4*n(g). What is the tens digit of c(u)?
1
Suppose -3*v + 6*v = 513. Suppose 0 = 2*k - v - 63. What is the tens digit of k?
1
Suppose 729*r - 107100 = 701*r. What is the thousands digit of r?
3
Let y(z) = -z**3 - 5*z**2 - 3*z - 6. Let h(m) = -m**2 + m. Let w(d) = -3*h(d) + y(d). Let f be w(-4). Let p = f - 28. What is the tens digit of p?
2
What is the tens digit of 2151/6 - 2/4?
5
Suppose 0 = 2*w - 6*w + 40. Suppose -2*z + w - 4 = 5*q, 3*q = 3*z + 12. What is the units digit of (-2)/4*-4 - z?
4
Suppose 6*w - 2*w = 5*u + 193, -w + 4*u = -51. Suppose 2*d + 23 = c, 2*c - c - 4*d - 23 = 0. Let i = w - c. What is the tens digit of i?
2
Suppose -h = 3, 3*b + 5*h + 49 + 50 = 0. What is the units digit of (-16 + 1)/(6/b)?
0
Let i = -2388 - -3532. What is the tens digit of i?
4
Let o(v) = v + 26. Suppose 2*u + t - 8 = 3*t, u = -4*t + 29. Let g(b) = 4*b + 105. Let c(p) = u*o(p) - 2*g(p). What is the units digit of c(-11)?
3
Let g(k) = -k**3 - 9*k**2 - 8*k + 1. Let c be g(-8). Let m = 159 + c. What is the tens digit of m?
6
Suppose